12
What is the highest common divisor of 650 and 175?
25
Calculate the greatest common factor of 456 and 24.
24
What is the highest common factor of 455 and 35?
35
Calculate the highest common divisor of 174 and 2001.
87
What is the greatest common factor of 9 and 2?
1
Calculate the highest common divisor of 7 and 161.
7
Calculate the greatest common factor of 29 and 3886.
29
Calculate the highest common divisor of 15 and 128070.
15
What is the highest common factor of 84 and 36?
12
What is the greatest common factor of 1463 and 133?
133
What is the greatest common factor of 40 and 5660?
20
Calculate the greatest common divisor of 507 and 117.
39
What is the highest common factor of 4656 and 48?
48
What is the greatest common divisor of 4332 and 304?
76
Calculate the highest common divisor of 434 and 62.
62
What is the highest common factor of 1834 and 28?
14
Calculate the highest common divisor of 378 and 105.
21
Calculate the highest common divisor of 2 and 2320.
2
Calculate the greatest common divisor of 90 and 13605.
15
Calculate the greatest common divisor of 114 and 2.
2
What is the highest common divisor of 21996 and 78?
78
What is the highest common divisor of 51 and 34?
17
Calculate the highest common factor of 90 and 18126.
18
What is the highest common divisor of 1921 and 339?
113
What is the greatest common divisor of 3 and 291?
3
What is the greatest common divisor of 2849 and 777?
259
Calculate the highest common divisor of 5162 and 58.
58
Calculate the highest common factor of 123 and 533.
41
What is the greatest common factor of 637 and 273?
91
Calculate the highest common divisor of 60 and 78.
6
What is the highest common divisor of 16 and 8?
8
What is the highest common divisor of 213 and 9301?
71
Calculate the greatest common factor of 172 and 7052.
172
What is the highest common divisor of 66 and 542?
2
Calculate the highest common divisor of 63 and 6129.
9
Calculate the highest common factor of 11 and 176.
11
Calculate the highest common divisor of 22908 and 69.
69
What is the highest common factor of 57 and 247?
19
What is the greatest common divisor of 460 and 260?
20
Calculate the greatest common factor of 4 and 22.
2
Calculate the highest common divisor of 28 and 532.
28
What is the greatest common factor of 1430 and 66?
22
Calculate the greatest common factor of 44 and 330.
22
Calculate the greatest common factor of 264 and 16104.
264
What is the highest common divisor of 32 and 40?
8
Calculate the greatest common factor of 7165 and 10.
5
What is the highest common factor of 27 and 18?
9
What is the highest common divisor of 209 and 99?
11
What is the highest common factor of 1197 and 63?
63
What is the greatest common factor of 1456 and 56?
56
Calculate the highest common factor of 1716 and 2244.
132
What is the highest common divisor of 104 and 117?
13
What is the greatest common divisor of 27 and 1998?
27
Calculate the greatest common factor of 253 and 23.
23
Calculate the greatest common divisor of 16 and 2384.
16
What is the highest common factor of 231 and 1554?
21
What is the greatest common factor of 2540 and 100?
20
Calculate the highest common divisor of 2 and 62.
2
Calculate the greatest common factor of 16 and 56.
8
What is the highest common factor of 35 and 5?
5
Calculate the greatest common divisor of 134 and 8.
2
Calculate the greatest common divisor of 11 and 7.
1
What is the highest common divisor of 46 and 2?
2
Calculate the greatest common divisor of 806 and 124.
62
What is the greatest common factor of 111 and 7881?
111
Calculate the highest common factor of 1100 and 10.
10
What is the highest common divisor of 2835 and 4347?
189
Calculate the greatest common divisor of 3728 and 32.
16
Calculate the highest common divisor of 650 and 169.
13
Calculate the greatest common factor of 774 and 2106.
18
Calculate the highest common divisor of 4646 and 506.
46
Calculate the greatest common divisor of 17 and 221.
17
What is the highest common divisor of 25 and 845?
5
What is the greatest common divisor of 26052 and 156?
156
What is the greatest common factor of 4541 and 57?
19
What is the highest common factor of 22 and 2046?
22
What is the highest common factor of 36 and 81?
9
Calculate the greatest common divisor of 100 and 2.
2
Calculate the greatest common divisor of 552 and 3519.
69
What is the highest common factor of 765 and 85?
85
What is the greatest common factor of 9 and 12?
3
Calculate the highest common factor of 152 and 190.
38
What is the highest common factor of 7560 and 21?
21
What is the highest common factor of 729 and 81?
81
Calculate the greatest common factor of 153 and 12852.
153
What is the greatest common factor of 16472 and 58?
58
Calculate the greatest common factor of 288 and 32.
32
Calculate the highest common factor of 144 and 162.
18
What is the highest common factor of 412 and 3811?
103
Calculate the highest common divisor of 27 and 1674.
27
Calculate the greatest common factor of 2442 and 660.
66
Calculate the highest common divisor of 86 and 2236.
86
What is the highest common factor of 27 and 13?
1
Calculate the greatest common factor of 29 and 11.
1
What is the highest common factor of 16762 and 87?
29
What is the greatest common factor of 8 and 3928?
8
Calculate the greatest common divisor of 51 and 1853.
17
Calculate the highest common factor of 15 and 2085.
15
Calculate the greatest common divisor of 1386 and 98.
14
Calculate the highest common factor of 50 and 225.
25
What is the greatest common divisor of 70 and 30?
10
Calculate the highest common factor of 63 and 7.
7
What is the greatest common divisor of 46 and 3358?
46
Calculate the greatest common divisor of 285 and 3825.
15
Calculate the highest common factor of 372 and 9.
3
Calculate the highest common divisor of 108 and 243.
27
Calculate the greatest common divisor of 913 and 332.
83
Calculate the greatest common factor of 867 and 153.
51
What is the greatest common divisor of 2430 and 10?
10
Calculate the greatest common divisor of 676 and 260.
52
What is the highest common factor of 135 and 645?
15
Calculate the greatest common factor of 57 and 16644.
57
What is the greatest common factor of 174 and 7975?
29
Calculate the greatest common divisor of 110 and 6270.
110
Calculate the highest common divisor of 760 and 5440.
40
Calculate the highest common factor of 1194 and 54.
6
Calculate the greatest common factor of 3013 and 69.
23
What is the highest common factor of 150 and 370?
10
Calculate the highest common factor of 72 and 184.
8
What is the greatest common factor of 4148 and 238?
34
Calculate the highest common divisor of 27 and 243.
27
Calculate the highest common divisor of 410 and 20.
10
What is the greatest common divisor of 144 and 27?
9
Calculate the greatest common divisor of 12 and 4.
4
What is the greatest common divisor of 42 and 7602?
42
Calculate the highest common factor of 30 and 315.
15
Calculate the greatest common divisor of 52 and 247.
13
Calculate the highest common divisor of 2573 and 249.
83
What is the greatest common divisor of 121 and 550?
11
What is the greatest common factor of 22532 and 172?
172
Calculate the highest common factor of 117 and 65.
13
Calculate the greatest common factor of 66 and 66.
66
What is the highest common divisor of 225 and 25?
25
Calculate the greatest common divisor of 2514 and 12.
6
What is the highest common factor of 897 and 161?
23
What is the greatest common factor of 213 and 497?
71
Calculate the highest common factor of 675 and 25.
25
What is the highest common divisor of 644 and 3404?
92
Calculate the greatest common factor of 40026 and 14.
14
Calculate the greatest common divisor of 69 and 6.
3
Calculate the greatest common divisor of 10 and 566.
2
What is the highest common factor of 630 and 252?
126
Calculate the highest common divisor of 1 and 349.
1
Calculate the greatest common factor of 138 and 6.
6
What is the highest common divisor of 7 and 13?
1
What is the greatest common divisor of 3 and 43?
1
Calculate the highest common divisor of 186 and 4650.
186
Calculate the greatest common divisor of 777 and 21.
21
Calculate the highest common divisor of 231 and 1353.
33
What is the highest common divisor of 72 and 4302?
18
What is the